+ 7. Let c be w(a). Give l(c).
10
Let d be (4/(-6))/((-16)/(-24)). Let l(r) = -r**3 - 2*r**2 + 1. Determine l(d).
0
Suppose 0 = -6*y + y + 10. Let i be ((-6)/(-14))/(2/14). Let p(c) = c - i*c - c + y*c. Determine p(-5).
5
Let i(q) = -q. Let r(h) = -h + 4. Let s(f) = -2*i(f) + r(f). Suppose -2*n - 10 = 0, -4*z + 8*z = 4*n + 44. Give s(z).
10
Suppose -5*v + 20 = -5. Let w(r) = r**3 - 4*r**2 - 4*r - 7. What is w(v)?
-2
Let v(b) = b + 7. Let h be v(-9). Let l(c) = -3 + 0 + c - 4*c. Calculate l(h).
3
Suppose 2*w + 2 = 2*i, w - 14 = 5*i - i. Let t(r) = -r**2 - 4*r + 4. Give t(w).
-8
Let i(h) = h**2 + 12*h + 36. Let d be i(-8). Let c(t) = t - 9. What is c(d)?
-5
Let t(c) = -c**3 - 5*c**2 - c - 1. Let z be t(-5). Let p(y) be the third derivative of y**4/8 - y**3 + y**2 - 27. What is p(z)?
6
Let p(m) = -10*m. Let t = -16 + 15. Calculate p(t).
10
Let j(q) = 165*q - 330*q + 164*q - 13*q**3. What is j(1)?
-14
Let d(i) = 7*i**3 + i**2 - i - 1. Let w be 9/(-7) - (-12)/42. Give d(w).
-6
Let f(d) = 4 + 2*d - 1 - 1. Give f(2).
6
Let a(f) = f**3 - 2*f - 4. Let z(s) = 2*s**3 - 5*s - 9. Let m(j) = -5*a(j) + 2*z(j). What is m(2)?
-6
Let v(g) = -6*g. Suppose 2*f = 4*f - 2. Let l be ((-4)/(-8))/(f/(-2)). Determine v(l).
6
Let p(c) = -4*c + 5*c + 0*c + 5. Let m(x) = x**3 - 2*x**2 + x. Let b be m(1). What is p(b)?
5
Let b(w) = w**3 - 24*w**2 + 24*w - 22. Let u be b(23). Let m(s) = 17*s**3 - s**2 + s. Determine m(u).
17
Let y(j) = j**3 - 6*j**2 + 2. Let h be y(6). Let f(n) = 0*n**2 - n - 3 - 3*n**2 + 3*n + 2*n. Determine f(h).
-7
Let i(x) be the first derivative of x**2/2 + 4*x + 2. Let w be i(0). Let s(o) = 2*o - w*o + o. Give s(2).
-2
Let x(a) = 4*a - 4*a**2 - a**3 + a**2 + 0*a**2. Suppose -5*w + 4*c = 0, -4*c = -2*w + 9 + 3. What is x(w)?
0
Let c(f) be the first derivative of f**2/2 + 3*f + 3. Suppose 0 = 3*p + 5 + 10. What is c(p)?
-2
Let d = 4 - 4. Suppose -10 = -4*g + u, d*g - 4*g + 22 = 5*u. Suppose -2*i = g*i. Let n(y) = y**3 + y**2 - y - 5. Determine n(i).
-5
Let q(h) be the second derivative of -h**3/2 + h**2/2 + h. Let b(o) = -7*o + 2. Let g(w) = -4*b(w) + 7*q(w). Calculate g(1).
6
Let o(t) = -t**2 - 7*t + 6. Suppose 2*f = -3*f - 45. Give o(f).
-12
Let a(p) be the third derivative of -p**4/12 + p**3/6 + 5*p**2. Calculate a(-2).
5
Let k(b) = -b**3 + b**2 + b + 1. Let p be k(-1). Let u(y) = -y - 5. Let r be u(-6). Let n(v) = -1 + r - 1 - v - 2*v. Calculate n(p).
-7
Let x(t) = -2*t**3 - 3*t - 1. Let r = 11 - 16. Let f(a) = -3*a**3 - 4*a - 1. Let i(l) = r*f(l) + 7*x(l). What is i(2)?
4
Let l(o) = 3*o**2 - o + 1. Let w = 34 - 32. Calculate l(w).
11
Let r(o) = o**3 - 5*o**2 - 6*o + 3. Let v be -1 + 2 + -1 + 1. Let b be 4 - (-3 - 6/(-3)). Let q be v/b - 87/(-15). What is r(q)?
3
Suppose 0 = 5*i - 3*i - 2*j - 44, -2*i + 4*j = -48. Suppose -c = 3*c - i. Let x(m) = -m**3 + m + 1 + 2*m**3 - c*m**2 + m**2. What is x(4)?
5
Let x(w) = -w**3 - w**2 - 3*w - 3. Suppose 58 - 13 = 5*u. Suppose -5*p + 2*p - u = 0. Let t = 1 + p. Calculate x(t).
7
Suppose 65*x - 62*x = -15. Let f(s) = -s**3 - 3*s**2 + 5*s - 2. Determine f(x).
23
Suppose 2*w + 2*h - 2 - 4 = 0, w = 3*h + 7. Suppose -9 = -4*o - 1. Let k(s) = -w*s - o*s - s. Give k(1).
-7
Let b = -15 - -18. Let q(x) = 3*x**2 - 4*x. Let s(c) = c**2 - c + 1. Let t(m) = -q(m) + 2*s(m). Calculate t(b).
-1
Suppose -4*v + 14 = l + 4*l, -3*l = -2*v - 26. Let s = 26 - 18. Let a = l - s. Let i(f) = 3*f - 1. What is i(a)?
-7
Let y(w) = 2*w**2 + 4*w + 3. Let q(m) = 4*m**2 + 8*m + 2. Let a(l) = 3*l**2 + 8*l + 3. Let v(h) = 5*a(h) - 4*q(h). Let o be v(9). Calculate y(o).
3
Let w(f) = 6*f**2 - 22*f**2 + 15*f**2 + 2*f**3 - f. Calculate w(2).
10
Let y(x) = -2*x + 2. Let t be y(-2). Let s be 0 + 1 - t/3. Let g(k) = k + 1. Calculate g(s).
0
Let p = 45 + -41. Let k(y) = -y**2 + 3*y - 4. What is k(p)?
-8
Let z(b) = -b**2 - 2. Let w be z(0). Let t = -5 - w. Let g(v) = -3*v - 2. Let m(l) = l + 1. Let r(k) = g(k) + 4*m(k). What is r(t)?
-1
Let n(o) = -6*o - 3*o - 2 - 6*o + 13*o. Calculate n(4).
-10
Let n(v) = 7*v**2. Let o(a) = 3*a - 16. Let q(p) = -2*p + 11. Let t(i) = 5*o(i) + 8*q(i). Let m be t(7). Calculate n(m).
7
Let s(k) = k - 1. Let f(w) = -2*w - 2. Let u(r) = -f(r) + s(r). Determine u(1).
4
Suppose 4*t - 3*t + 17 = -4*i, 5*t + 5 = 0. Let u(x) = -3*x - 5. What is u(i)?
7
Let q(d) = -9*d + 26. Let t(r) = 2*r - 5. Let o(h) = -2*q(h) - 11*t(h). What is o(3)?
-9
Let r(a) be the third derivative of -a**5/60 + 7*a**4/24 - 5*a**3/6 + 2*a**2. Calculate r(5).
5
Let p(q) = q**3 - q**2 + q - 2. Let r be 4/(-16) + 9/4. Suppose l - 6*l + 20 = 0, -4*i - 5*l + 20 = 0. Let t = i + r. Calculate p(t).
4
Let r(y) = y**3 + 3*y**2 + 4*y + 3. Let g(h) = -h**3 + 4*h + 3. Let l be g(-2). Let i = 4 - l. Let c be -1*i - 1/1. Calculate r(c).
-1
Let p(s) = -2*s + 5. Let z be p(3). Let j(q) = 5*q**3 + 1. Give j(z).
-4
Let d(q) be the first derivative of -3*q**2/2 + 18*q + 30. What is d(8)?
-6
Let s be 1 + 3 + 4/(-4). Suppose v = i, 3*i + s*v = -0*i + 12. Let j(c) = i - 2 + 2 - 3 - c. Give j(-4).
3
Let d(n) = 1 - 21*n**2 - n + 31*n**2 - 16*n**2. Determine d(2).
-25
Suppose 0 = 2*m - 4, 2*t - 14 = -3*m - 0. Let y(w) = 4*w + 8. Let q(p) = 5*p + 8. Let u(j) = -5*q(j) + 6*y(j). What is u(t)?
4
Let j(t) = -2*t - 1. Let w be j(2). Let u(m) be the second derivative of -1/2*m**2 - 4*m + 0 - 1/12*m**4 - m**3. Give u(w).
4
Let o(j) be the third derivative of j**6/360 - j**5/20 + j**4/12 - 2*j**3/3 + 3*j**2. Let m(q) be the first derivative of o(q). Give m(4).
-6
Suppose 3*d - 4*z - 2 + 45 = 0, 0 = -2*d + 3*z - 30. Let j(w) = -2*w**3 - w**2 + w + 4. Let s(f) = -f**3 - f**2 + f + 2. Let h(n) = d*s(n) + 4*j(n). Give h(-6).
-8
Suppose 5*k + 5*g = 130, 3*g + 96 = 4*k - g. Let r(x) = -k + 23 + 5*x + 0*x**2 + x**2. Calculate r(-4).
-6
Let u(a) = -4*a**2 + 6 - 5*a + 3*a**2 - 3. Suppose -b = b - h + 10, 3*h = 3*b + 12. What is u(b)?
-3
Suppose 4 + 1 = 5*q, -z + 2 = -3*q. Let r(h) be the second derivative of h**5/20 - h**4/2 + 2*h**3/3 + 7*h**2/2 + h. Determine r(z).
2
Let y be 1*2/(-4)*0. Suppose y*r + 5*r + 25 = 0. Let j(i) = i. Let q(s) = s - 4. Let b(v) = 3*j(v) - q(v). Determine b(r).
-6
Let q(o) = 3*o**3 - 6*o**2 - 3*o + 9. Let r(z) = 7*z**3 - 13*z**2 - 5*z + 19. Let f(i) = -3*i - 1. Let k be f(-1). Let n(w) = k*r(w) - 5*q(w). What is n(5)?
-7
Let h(c) = -7*c**2 + 1 - 3 + 2*c**2 - 2*c**3 + 3*c**2. Calculate h(-2).
6
Let q(p) = p**3 - 2*p**2 - 2*p - 3. Let s be q(3). Let i(r) = -r**3 + 5*r**2 - 2*r + s - 2*r + 2. Suppose 0*v = -3*v - 5*y + 7, 4 = -4*y. Calculate i(v).
2
Let s(o) = -o**3 - 3*o**2 - o - 4. Let n = 4 + -7. Let u = n - -5. Suppose 9 = u*a - 5*a. What is s(a)?
-1
Suppose 0 = 2*t + 2 + 8. Let y(o) = o**2 + 4*o + 1. What is y(t)?
6
Let m(c) = -c**2 - 2*c + 4. Let l(o) = -o**2 + 8*o - 4. Let s be l(7). Let a be m(s). Let i = 16 + a. Let n(b) = b**2 - 6*b - 2. Calculate n(i).
-7
Let x(i) = -12*i - 4. Let y(n) = -n - 1. Let v(s) = x(s) - 4*y(s). Let f(l) = 9*l. Let h(a) = -2*f(a) - 3*v(a). What is h(-1)?
-6
Let k(o) be the first derivative of 1/4*o**4 - 4/3*o**3 + 2*o + 3 + o**2. Calculate k(3).
-1
Let d(n) = 4*n - 3. Let o be (-5 - -3 - -1) + -3 + -3. Determine d(o).
-31
Let y(m) be the first derivative of 7*m**4/12 - m**3/6 + 4*m + 11. Let z(x) be the first derivative of y(x). Determine z(-1).
8
Let f(k) = -k**2. Let c be (-1)/4 - 69/12. Suppose -12 = -8*g + 11*g. Let o = c - g. Calculate f(o).
-4
Let g = -72 - -75. Let s(n) be the third derivative of n**7/1260 - n**6/720 - n**5/60 - 2*n**2. Let f(z) be the third derivative of s(z). Calculate f(g).
11
Let i(h) = -h**3 + 7*h**2 + 8*h + 3. Let d be i(8). Let u be d/(-2)*(-20)/15. Let z(r) = 0 + r**3 - 3*r - 6*r**2 - 4 + 4*r**2 + 6*r**u. Give z(-4).
8
Let t(w) be the third derivative of w**6/120 - w**5/20 - w**4/24 + w**3/3 + 3*w**2. Determine t(3).
-1
Let b(q) = -q**3 + 7*q**2 - 6*q - 1. Suppose 6 + 6 = 2*f. What is b(f)?
-1
Let m(h) = h**3 - 5*h**2 + 1. Suppose -3*n - 4 = 2*g - 3, -3*n - 13 = -g. Let k(j) = j**3 - 4*j**2 + 1. Let s(q) = n*m(q) + 4*k(q). Determine s(1).
1
Let v(x) = 7*x**3 - 3*x**2 + x + 5. Let w(m) = -7*m**3 + 2*m**2 - m - 4. Let o(q) = -3*v(q) - 4*w(q). Calculate o(-1).
-6
Let x(d) = d + 1. Suppose 3*y + 2*v = 7*y + 2, 21 = -2*y + 5*v. Suppose 0 = y*m + 3*m - 10. Determine x(m).
3
Let r(y) = -5*y**3 + 3*y**2. L